git of v?
8
Suppose 0 = 42*n - 44*n + 16. What is the units digit of n?
8
Let t(y) = 4 + 9*y - 10*y**2 + 6 + 9*y**2. What is the tens digit of t(9)?
1
Suppose -h + 4*d = -4 + 10, -2*d + 6 = h. Suppose h*z - 3*z = 13. What is the units digit of -1*(z - (2 - 2))?
3
Let o be (-3)/(-15) + 18/10. Suppose 2*m + 40 = o*x, m - 4*m = 5*x - 76. What is the tens digit of x?
1
Let i(g) = -g**3 - g + 11. Let u(a) = a**3 - 2*a**2 + a. Suppose 0 = 2*w + 4 - 6. Let c be u(w). What is the units digit of i(c)?
1
Let c(t) = t**3 - 4*t**2 - 6*t + 5. Let g be c(5). Suppose g*x = -x + 37. What is the tens digit of x?
3
Let y(b) = -2*b**3 + 2*b**2 + 2. Let k be y(-2). Let q = -16 + k. What is the units digit of q?
0
Let h(y) = -17*y - 8. What is the units digit of h(-3)?
3
Suppose 246 = c - 5*j, 2*c = -8*j + 9*j + 483. What is the tens digit of c?
4
What is the tens digit of ((-30)/(-12))/(1/6)?
1
Let m be (-60)/(-14) + 4/(-14). Suppose 4*l = -z - 4*z + 52, m*l - 52 = -2*z. What is the tens digit of l?
1
Let d = -3 + 25. What is the units digit of d?
2
Let w(k) = k**2 + 1. What is the units digit of w(0)?
1
Let p = -110 - -169. What is the tens digit of p?
5
Let o be (1 - 2/(-1)) + -3. Suppose 0*i + 3*i - 3 = o. What is the units digit of i?
1
What is the tens digit of (-1*(-453)/12)/((-1)/(-4))?
5
Let q be -1 + (-2)/(0 + 1). What is the tens digit of (-128)/(-4)*q/(-6)?
1
Suppose 15 - 45 = -2*c. Let n = c - -1. What is the units digit of n?
6
Suppose 0 = 4*k - 11 - 25. Suppose 4*h - 41 = -k. What is the units digit of h?
8
Let r = -4 + 9. Let c = r - -7. Suppose 0 = p + 2*p - 12, -g + 4*p = c. What is the units digit of g?
4
Let o = 5 - 2. What is the units digit of o?
3
Suppose -5*r + 22 = 3*c, -3*c = -5*r + 2 + 26. Let j be (-1)/c*(-4)/(-4). What is the units digit of j - 0/(-5 - -2)?
1
Let f = -2 + 3. Let u be (2 - 2) + f + 1. Suppose u*w - 1 = 3. What is the units digit of w?
2
Suppose -5*t = 5*f - 125, 0 = -5*f - t + 110 + 35. What is the tens digit of f?
3
Let f = -43 - -231. What is the hundreds digit of f?
1
Suppose -10 = -7*f + 2*f. Suppose f*u = u + 24. What is the tens digit of u?
2
Let r(h) = -h**2 + 7*h + 7. Let c be r(7). Let s(z) = z**2 - 5*z - 10. What is the units digit of s(c)?
4
Suppose -g - 2 = 4*d - 6*g, 18 = 5*d + 4*g. Suppose -2*v - 2*v + 3*o = -87, -d*v - 2*o = -26. What is the units digit of v?
8
Let v = 101 - 35. What is the tens digit of v?
6
Suppose 2*l = 4*l - 10. Suppose 4*t - 15 = l*g - 1, 28 = -2*g - 4*t. What is the units digit of (15/g)/(4/(-8))?
5
Let l(h) = -5*h - 4 + 3*h**2 + h**3 + 5 - 2. Suppose 2*p = 4 - 12. What is the units digit of l(p)?
3
Suppose -2*q = -c - 2, 20 = 4*c + c. Let a be q - 2 - 1*-1. Let g = a + -1. What is the units digit of g?
1
Let w(c) = c + 0*c**2 - 3*c + 3*c**2 + 1. What is the units digit of w(1)?
2
Suppose 0 = -5*y + 4 + 11. Let c be 3*(1 + (-11)/y). What is the units digit of 33/(-12)*(4 + c)?
1
Let c(x) = -x**3 - 3*x**2 - 3. Let m be c(-3). Let k = 42 - m. What is the tens digit of k?
4
What is the tens digit of (-206)/(-6) - 44/33?
3
Let l be 1 + (3/1 - 1). What is the tens digit of 13 + (l - 6 - -1)?
1
Suppose 21*b = 23*b - 644. What is the units digit of b?
2
Let a(l) = l**3 - 7*l**2 + 6*l - 10. Let i(t) = -5*t**3 + 34*t**2 - 29*t + 49. Let j(z) = -11*a(z) - 2*i(z). What is the units digit of j(8)?
2
Let r(x) = x**3 - 3*x + 3. Let i be r(2). Suppose -5*g = i*h - 25, -g - 5*h - 15 = -0. What is the tens digit of g?
1
What is the tens digit of ((-2)/(-3))/((-3)/(-54))?
1
What is the units digit of (230/(-40))/(1/(-8))?
6
What is the units digit of (-2 - -18)*4*(-12)/(-64)?
2
Suppose -9*t = -506 - 709. What is the hundreds digit of t?
1
Suppose -3*h + 3*i + 12 = 0, -4*i = h + i - 4. Suppose -x = -h*x. Suppose 2*d - 14 - 16 = x. What is the tens digit of d?
1
Suppose 0*q + 8 = q + 3*h, -q + 4*h + 1 = 0. Suppose 0 = q*z - 1 - 4. What is the units digit of (z/3)/(5/105)?
7
Let t = -11 - -8. What is the units digit of ((-1)/t)/(3/117)?
3
Suppose h - 6*h - 5*n + 80 = 0, 3*n = -5*h + 86. What is the units digit of h?
9
Suppose -4*m - 3*z = -31, -7*z + 5*z - 12 = -2*m. Let r = m + -2. What is the units digit of r?
5
Let i be (-2 - (-1)/2)*-14. What is the tens digit of (-60)/i*21/(-6)?
1
Let r(b) = -b**2 - 7*b - 6. Let p be r(-5). Suppose p*o - 23 = 21. What is the units digit of o?
1
Let f(t) = t**3 - 10*t**2 + 10*t - 9. Let v be f(9). Suppose v*s + 43 = s. What is the units digit of s?
3
Suppose -2*y = -4*f - 16, y = 2*f + 2*f + 10. Suppose s - 19 - y = 0. What is the tens digit of s?
2
Suppose g - 32 = 5*a, -3*a + 3 + 21 = 3*g. Let u be g/10*(-30)/9. Let m = u + 7. What is the units digit of m?
3
Suppose 0 = 2*a + 3*n + n - 120, -2*a = 3*n - 117. What is the units digit of a?
4
Suppose -2*f + 9*f = 1806. What is the units digit of f?
8
Suppose 19*s = 3*s + 4384. What is the tens digit of s?
7
Let z(w) = -w + 11. Let l be z(9). Suppose 4*u = 3*g - 9, 4*g + 2*u - 4 - 8 = 0. Suppose -4 = -4*n, -g*c - l*n + 3*n = -29. What is the tens digit of c?
1
Let p(d) = -10*d**2 + 6 - d - 3*d + 9*d**2. What is the units digit of p(-5)?
1
What is the units digit of 2 + -4 - (2 + -32)?
8
Let j(t) = -t**2 + 2*t - 4. Let b be j(-3). Let i = 46 + b. What is the tens digit of i?
2
Let v(k) = 7*k + 1. Let b(w) = 10*w + 2. Suppose -2*h + 14 = -4*h. Let r(g) = h*v(g) + 5*b(g). What is the units digit of r(5)?
8
Let v(h) = -h**3 - 5*h**2 + 5*h - 3. Let p be v(-6). Suppose 5*t - 4*x - 85 = 0, -p*t - x = x - 29. What is the tens digit of t?
1
Let r = 5 - 6. Let f = 6 + r. Suppose -a + f*a = 12. What is the units digit of a?
3
Let r(n) = -2*n + 2. Let m be r(-2). Let w(s) = -3*s. Let o be w(2). What is the units digit of 4/o*m/(-4)?
1
Suppose -3*a + 2*w + 23 - 3 = 0, 4*w = -4*a. Suppose -i + 40 = a*j - j, 3*i + 10 = j. What is the tens digit of j?
1
Suppose -8 = -2*l + 2*x, -4*l + x + 9 = -2*l. Suppose l*c = 3*u + 68, -u = 3*c + u - 37. What is the units digit of c?
3
Suppose 3*d - 25 = 20. Suppose -5*v + 0*v + d = 0. Let o = 3 + v. What is the units digit of o?
6
Let t(s) = -6*s + 46. What is the hundreds digit of t(-11)?
1
Let w(l) = 2*l**2 + 12. What is the tens digit of w(-5)?
6
Suppose -4*y + 3*i - 4*i = -22, 5*i = 10. Let a(s) = -s**3 - 9*s**2 - 10*s - 7. Let g be a(-8). Let b = g + y. What is the units digit of b?
4
Suppose 4*s + s - p - 1061 = 0, 2*s = 4*p + 428. What is the hundreds digit of s?
2
Let r = -29 + 21. Let j = r + 27. What is the units digit of j?
9
What is the units digit of 99/2 - (-15)/(-10)?
8
Suppose -6 - 14 = -5*l. Suppose u = 2*u - l. Suppose -u = t - 12. What is the units digit of t?
8
Suppose 0*v + 21 = 2*v - 5*f, 3*v - 2*f = 15. Let l = 22 - 16. Suppose 5*d + 29 = 2*p, l = d - v*d. What is the units digit of p?
7
Let t(a) = 3*a. Let v be t(1). Suppose 2*k - 11 - v = 0. What is the units digit of k?
7
Suppose -2*i + 3*t - 31 = 0, 0*i + 2*i + 21 = t. What is the tens digit of ((-18)/i)/(1/8)?
1
Suppose -18 = l - 237. What is the units digit of l?
9
Let y(g) = -2*g + 4. Suppose 3*l = -l + 12. Let t be y(l). Let a(h) = -h**3 - 1. What is the units digit of a(t)?
7
Let r = 12 - -6. What is the units digit of r?
8
What is the tens digit of 201/6 + 2/4?
3
Suppose 4 = -z, -43 + 227 = 5*v - z. Suppose -p = 2*p - v. What is the units digit of p?
2
Suppose 5*t - 2*t = 5*o - 1350, -5*o - 4*t = -1315. What is the units digit of o?
7
Suppose -6*c = -9*c + 90. What is the tens digit of c?
3
Let q(n) = -25*n + 1. Let d be q(-5). Suppose 0*r + 3*r = d. Suppose 4*l - 12 = -2*x + r, -4*x - 35 = -5*l. What is the units digit of l?
1
Let f = 14 + 20. What is the units digit of f?
4
Suppose -z + 3*z = -8. What is the units digit of (-35)/z + (-2)/(-8)?
9
Suppose -6*p + m + 188 = -2*p, 156 = 3*p + 3*m. What is the units digit of p?
8
Let j be 4/(-14) - (-60)/14. Suppose j*i = 12 - 4. Suppose 4*u + 2*b + 0 + i = 0, 22 = u - 4*b. What is the units digit of u?
2
Let i(a) = a + 11. Suppose -4*m + 9*m = -40. Let y be i(m). What is the units digit of (-1)/(-2)*(1 + y)?
2
What is the units digit of ((-12)/(-18))/((-3)/(-99))?
2
Let k(n) = n. Let f be k(5). Suppose -5*b + a - 2*a = -77, f*b = 2*a + 86. What is the tens digit of b?
1
Let q be (-30)/(-2) + (-10)/5. Let z = q - 23. Let s = -1 - z. What is the units digit of s?
